{"id":977,"date":"2022-05-16T17:20:34","date_gmt":"2022-05-16T15:20:34","guid":{"rendered":"https:\/\/2022.a-p-p.ch\/adresses-des-centres\/biel\/"},"modified":"2023-12-15T11:38:05","modified_gmt":"2023-12-15T10:38:05","slug":"bienne","status":"publish","type":"page","link":"https:\/\/a-p-p.ch\/fr\/adresses-des-centres\/bienne\/","title":{"rendered":"Bienne"},"content":{"rendered":"<p><iframe loading=\"lazy\" style=\"border: 0;\" src=\"https:\/\/www.google.com\/maps\/embed?pb=!1m18!1m12!1m3!1d2713.680363914349!2d7.245263815614546!3d47.144527879156826!2m3!1f0!2f0!3f0!3m2!1i1024!2i768!4f13.1!3m3!1m2!1s0x478e1eb25c68c121%3A0xe6facac147fbf19a!2sTomatis!5e0!3m2!1sde!2sch!4v1652714002611!5m2!1sde!2sch\" width=\"1080\" height=\"450\" allowfullscreen=\"allowfullscreen\"><span data-mce-type=\"bookmark\" style=\"display: inline-block; width: 0px; overflow: hidden; line-height: 0;\" class=\"mce_SELRES_start\">\ufeff<\/span><span data-mce-type=\"bookmark\" style=\"display: inline-block; width: 0px; overflow: hidden; line-height: 0;\" class=\"mce_SELRES_start\">\ufeff<\/span><span data-mce-type=\"bookmark\" style=\"display: inline-block; width: 0px; overflow: hidden; line-height: 0;\" class=\"mce_SELRES_start\">\ufeff<\/span><span data-mce-type=\"bookmark\" style=\"display: inline-block; width: 0px; overflow: hidden; line-height: 0;\" class=\"mce_SELRES_start\">\ufeff<\/span><\/iframe><\/p>\n<hr \/>\n<p><strong>Le Centre de l&#8217;Ecoute<\/strong><br \/>\nRue du Stand 33, 2502 Bienne<\/p>\n<p>Tel: +41 (0)32 323 54 57<br \/>\nMail:\u00a0 <a href=\"mailto:gerardo.iula@gmail.com\">gerardo.iula@gmail.com<\/a><\/p>\n<p>Web:\u00a0<a href=\"https:\/\/www.espace33.ch\">https:\/\/www.espace33.ch<\/a><\/p>\n<hr \/>\n<p><em>Le Centre de l&#8217;Ecoute<\/em>\u00a0a \u00e9t\u00e9 fond\u00e9 en f\u00e9vrier 1994 par Marie-Jeanne Hubleur, puis repris en 1998 par Patricia Anklin. C\u00e9line Cl\u00e9nin a pris la rel\u00e8ve en 2019 et d\u00e8s 2023 c&#8217;est Gerardo Iula qui le dirige.<br \/>\nBilingue, il fait partie de l\u2019Association suisse d\u2019Audio-psycho-phonologie selon A. Tomatis.<\/p>\n<hr \/>\n<h2>Acc\u00e8s<\/h2>\n<p><em>Le Centre de l\u2019Ecoute\u00a0<\/em>se trouve \u00e0 la Rue du Stand 33 \u00e0 Bienne. Il y a un arr\u00eat de bus juste devant (No 6, arr\u00eat\u00a0<em>Miroir\u00a0<\/em>, direction<em>\u00a0Centre hospitalier).<\/em><\/p>\n<h3>Transport Publics<\/h3>\n<ul>\n<li>Bus 8, arr\u00eat\u00a0<em>Eglise catholique<\/em>, direction Fuchsenried<\/em><\/li>\n<\/ul>\n<h3>En Voiture<\/h3>\n<ul>\n<li>Zone bleue \u00e0 la Haute Route en montant vers le Centre hospitalier<\/li>\n<li>Parking payant aux Pr\u00e9s <em>Wildermeth<\/em>\u00a0ou au<em>Altstadt-Parking\u00a0<\/em><\/li>\n<li>Une place de parc est \u00e0 disposition derri\u00e8re l\u2019Atelier.<\/li>\n<\/ul>\n","protected":false},"excerpt":{"rendered":"<p>Centre de l&#8217;Ecoute selon A.  |  Rue du Stand 33, 2502 Biel\/Bienne<\/p>\n","protected":false},"author":2,"featured_media":440,"parent":489,"menu_order":0,"comment_status":"closed","ping_status":"closed","template":"","meta":{"_acf_changed":false,"_et_pb_use_builder":"","_et_pb_old_content":"","_et_gb_content_width":"","footnotes":""},"class_list":["post-977","page","type-page","status-publish","has-post-thumbnail","hentry"],"acf":[],"yoast_head":"<!-- This site is optimized with the Yoast SEO plugin v27.4 - https:\/\/yoast.com\/product\/yoast-seo-wordpress\/ -->\n<title>Bienne<\/title>\n<meta name=\"description\" content=\"Bienne - Association Professionnelle Suisse A.P.P selon A. Tomatis\" \/>\n<meta name=\"robots\" content=\"index, follow, max-snippet:-1, max-image-preview:large, max-video-preview:-1\" \/>\n<link rel=\"canonical\" href=\"https:\/\/a-p-p.ch\/fr\/adresses-des-centres\/bienne\/\" \/>\n<meta property=\"og:locale\" content=\"fr_FR\" \/>\n<meta property=\"og:type\" content=\"article\" \/>\n<meta property=\"og:title\" content=\"Bienne\" \/>\n<meta property=\"og:description\" content=\"Bienne - Association Professionnelle Suisse A.P.P selon A. Tomatis\" \/>\n<meta property=\"og:url\" content=\"https:\/\/a-p-p.ch\/fr\/adresses-des-centres\/bienne\/\" \/>\n<meta property=\"og:site_name\" content=\"Association Professionnelle Suisse A.P.P selon A. Tomatis\" \/>\n<meta property=\"article:modified_time\" content=\"2023-12-15T10:38:05+00:00\" \/>\n<meta property=\"og:image\" content=\"https:\/\/a-p-p.ch\/wp-content\/uploads\/2022\/04\/APP-Spirale-mit-Text-Logo.png\" \/>\n\t<meta property=\"og:image:width\" content=\"1080\" \/>\n\t<meta property=\"og:image:height\" content=\"855\" \/>\n\t<meta property=\"og:image:type\" content=\"image\/png\" \/>\n<meta name=\"twitter:card\" content=\"summary_large_image\" \/>\n<meta name=\"twitter:label1\" content=\"Dur\u00e9e de lecture estim\u00e9e\" \/>\n\t<meta name=\"twitter:data1\" content=\"1 minute\" \/>\n<script type=\"application\/ld+json\" class=\"yoast-schema-graph\">{\"@context\":\"https:\\\/\\\/schema.org\",\"@graph\":[{\"@type\":\"WebPage\",\"@id\":\"https:\\\/\\\/a-p-p.ch\\\/fr\\\/adresses-des-centres\\\/bienne\\\/\",\"url\":\"https:\\\/\\\/a-p-p.ch\\\/fr\\\/adresses-des-centres\\\/bienne\\\/\",\"name\":\"Bienne\",\"isPartOf\":{\"@id\":\"https:\\\/\\\/a-p-p.ch\\\/fr\\\/#website\"},\"primaryImageOfPage\":{\"@id\":\"https:\\\/\\\/a-p-p.ch\\\/fr\\\/adresses-des-centres\\\/bienne\\\/#primaryimage\"},\"image\":{\"@id\":\"https:\\\/\\\/a-p-p.ch\\\/fr\\\/adresses-des-centres\\\/bienne\\\/#primaryimage\"},\"thumbnailUrl\":\"https:\\\/\\\/a-p-p.ch\\\/wp-content\\\/uploads\\\/2022\\\/04\\\/APP-Spirale-mit-Text-Logo.png\",\"datePublished\":\"2022-05-16T15:20:34+00:00\",\"dateModified\":\"2023-12-15T10:38:05+00:00\",\"description\":\"Bienne - Association Professionnelle Suisse A.P.P selon A. Tomatis\",\"breadcrumb\":{\"@id\":\"https:\\\/\\\/a-p-p.ch\\\/fr\\\/adresses-des-centres\\\/bienne\\\/#breadcrumb\"},\"inLanguage\":\"fr-FR\",\"potentialAction\":[{\"@type\":\"ReadAction\",\"target\":[\"https:\\\/\\\/a-p-p.ch\\\/fr\\\/adresses-des-centres\\\/bienne\\\/\"]}]},{\"@type\":\"ImageObject\",\"inLanguage\":\"fr-FR\",\"@id\":\"https:\\\/\\\/a-p-p.ch\\\/fr\\\/adresses-des-centres\\\/bienne\\\/#primaryimage\",\"url\":\"https:\\\/\\\/a-p-p.ch\\\/wp-content\\\/uploads\\\/2022\\\/04\\\/APP-Spirale-mit-Text-Logo.png\",\"contentUrl\":\"https:\\\/\\\/a-p-p.ch\\\/wp-content\\\/uploads\\\/2022\\\/04\\\/APP-Spirale-mit-Text-Logo.png\",\"width\":1080,\"height\":855},{\"@type\":\"BreadcrumbList\",\"@id\":\"https:\\\/\\\/a-p-p.ch\\\/fr\\\/adresses-des-centres\\\/bienne\\\/#breadcrumb\",\"itemListElement\":[{\"@type\":\"ListItem\",\"position\":1,\"name\":\"Startseite\",\"item\":\"https:\\\/\\\/a-p-p.ch\\\/fr\\\/home\\\/\"},{\"@type\":\"ListItem\",\"position\":2,\"name\":\"Adresses des centres\",\"item\":\"https:\\\/\\\/a-p-p.ch\\\/fr\\\/adresses-des-centres\\\/\"},{\"@type\":\"ListItem\",\"position\":3,\"name\":\"Bienne\"}]},{\"@type\":\"WebSite\",\"@id\":\"https:\\\/\\\/a-p-p.ch\\\/fr\\\/#website\",\"url\":\"https:\\\/\\\/a-p-p.ch\\\/fr\\\/\",\"name\":\"Schweizerischer Berufsverband f\u00fcr A.P.P. nach A. Tomatis\",\"description\":\"\",\"publisher\":{\"@id\":\"https:\\\/\\\/a-p-p.ch\\\/fr\\\/#organization\"},\"potentialAction\":[{\"@type\":\"SearchAction\",\"target\":{\"@type\":\"EntryPoint\",\"urlTemplate\":\"https:\\\/\\\/a-p-p.ch\\\/fr\\\/?s={search_term_string}\"},\"query-input\":{\"@type\":\"PropertyValueSpecification\",\"valueRequired\":true,\"valueName\":\"search_term_string\"}}],\"inLanguage\":\"fr-FR\"},{\"@type\":\"Organization\",\"@id\":\"https:\\\/\\\/a-p-p.ch\\\/fr\\\/#organization\",\"name\":\"Schweizerischer Berufsverband f\u00fcr A.P.P. nach A. Tomatis\",\"alternateName\":\"APP\",\"url\":\"https:\\\/\\\/a-p-p.ch\\\/fr\\\/\",\"logo\":{\"@type\":\"ImageObject\",\"inLanguage\":\"fr-FR\",\"@id\":\"https:\\\/\\\/a-p-p.ch\\\/fr\\\/#\\\/schema\\\/logo\\\/image\\\/\",\"url\":\"https:\\\/\\\/a-p-p.ch\\\/wp-content\\\/uploads\\\/2022\\\/04\\\/cropped-APP-Spirale-Logo.png\",\"contentUrl\":\"https:\\\/\\\/a-p-p.ch\\\/wp-content\\\/uploads\\\/2022\\\/04\\\/cropped-APP-Spirale-Logo.png\",\"width\":512,\"height\":512,\"caption\":\"Schweizerischer Berufsverband f\u00fcr A.P.P. nach A. Tomatis\"},\"image\":{\"@id\":\"https:\\\/\\\/a-p-p.ch\\\/fr\\\/#\\\/schema\\\/logo\\\/image\\\/\"}}]}<\/script>\n<!-- \/ Yoast SEO plugin. -->","yoast_head_json":{"title":"Bienne","description":"Bienne - Association Professionnelle Suisse A.P.P selon A. Tomatis","robots":{"index":"index","follow":"follow","max-snippet":"max-snippet:-1","max-image-preview":"max-image-preview:large","max-video-preview":"max-video-preview:-1"},"canonical":"https:\/\/a-p-p.ch\/fr\/adresses-des-centres\/bienne\/","og_locale":"fr_FR","og_type":"article","og_title":"Bienne","og_description":"Bienne - Association Professionnelle Suisse A.P.P selon A. Tomatis","og_url":"https:\/\/a-p-p.ch\/fr\/adresses-des-centres\/bienne\/","og_site_name":"Association Professionnelle Suisse A.P.P selon A. Tomatis","article_modified_time":"2023-12-15T10:38:05+00:00","og_image":[{"width":1080,"height":855,"url":"https:\/\/a-p-p.ch\/wp-content\/uploads\/2022\/04\/APP-Spirale-mit-Text-Logo.png","type":"image\/png"}],"twitter_card":"summary_large_image","twitter_misc":{"Dur\u00e9e de lecture estim\u00e9e":"1 minute"},"schema":{"@context":"https:\/\/schema.org","@graph":[{"@type":"WebPage","@id":"https:\/\/a-p-p.ch\/fr\/adresses-des-centres\/bienne\/","url":"https:\/\/a-p-p.ch\/fr\/adresses-des-centres\/bienne\/","name":"Bienne","isPartOf":{"@id":"https:\/\/a-p-p.ch\/fr\/#website"},"primaryImageOfPage":{"@id":"https:\/\/a-p-p.ch\/fr\/adresses-des-centres\/bienne\/#primaryimage"},"image":{"@id":"https:\/\/a-p-p.ch\/fr\/adresses-des-centres\/bienne\/#primaryimage"},"thumbnailUrl":"https:\/\/a-p-p.ch\/wp-content\/uploads\/2022\/04\/APP-Spirale-mit-Text-Logo.png","datePublished":"2022-05-16T15:20:34+00:00","dateModified":"2023-12-15T10:38:05+00:00","description":"Bienne - Association Professionnelle Suisse A.P.P selon A. Tomatis","breadcrumb":{"@id":"https:\/\/a-p-p.ch\/fr\/adresses-des-centres\/bienne\/#breadcrumb"},"inLanguage":"fr-FR","potentialAction":[{"@type":"ReadAction","target":["https:\/\/a-p-p.ch\/fr\/adresses-des-centres\/bienne\/"]}]},{"@type":"ImageObject","inLanguage":"fr-FR","@id":"https:\/\/a-p-p.ch\/fr\/adresses-des-centres\/bienne\/#primaryimage","url":"https:\/\/a-p-p.ch\/wp-content\/uploads\/2022\/04\/APP-Spirale-mit-Text-Logo.png","contentUrl":"https:\/\/a-p-p.ch\/wp-content\/uploads\/2022\/04\/APP-Spirale-mit-Text-Logo.png","width":1080,"height":855},{"@type":"BreadcrumbList","@id":"https:\/\/a-p-p.ch\/fr\/adresses-des-centres\/bienne\/#breadcrumb","itemListElement":[{"@type":"ListItem","position":1,"name":"Startseite","item":"https:\/\/a-p-p.ch\/fr\/home\/"},{"@type":"ListItem","position":2,"name":"Adresses des centres","item":"https:\/\/a-p-p.ch\/fr\/adresses-des-centres\/"},{"@type":"ListItem","position":3,"name":"Bienne"}]},{"@type":"WebSite","@id":"https:\/\/a-p-p.ch\/fr\/#website","url":"https:\/\/a-p-p.ch\/fr\/","name":"Schweizerischer Berufsverband f\u00fcr A.P.P. nach A. Tomatis","description":"","publisher":{"@id":"https:\/\/a-p-p.ch\/fr\/#organization"},"potentialAction":[{"@type":"SearchAction","target":{"@type":"EntryPoint","urlTemplate":"https:\/\/a-p-p.ch\/fr\/?s={search_term_string}"},"query-input":{"@type":"PropertyValueSpecification","valueRequired":true,"valueName":"search_term_string"}}],"inLanguage":"fr-FR"},{"@type":"Organization","@id":"https:\/\/a-p-p.ch\/fr\/#organization","name":"Schweizerischer Berufsverband f\u00fcr A.P.P. nach A. Tomatis","alternateName":"APP","url":"https:\/\/a-p-p.ch\/fr\/","logo":{"@type":"ImageObject","inLanguage":"fr-FR","@id":"https:\/\/a-p-p.ch\/fr\/#\/schema\/logo\/image\/","url":"https:\/\/a-p-p.ch\/wp-content\/uploads\/2022\/04\/cropped-APP-Spirale-Logo.png","contentUrl":"https:\/\/a-p-p.ch\/wp-content\/uploads\/2022\/04\/cropped-APP-Spirale-Logo.png","width":512,"height":512,"caption":"Schweizerischer Berufsverband f\u00fcr A.P.P. nach A. Tomatis"},"image":{"@id":"https:\/\/a-p-p.ch\/fr\/#\/schema\/logo\/image\/"}}]}},"_links":{"self":[{"href":"https:\/\/a-p-p.ch\/fr\/wp-json\/wp\/v2\/pages\/977","targetHints":{"allow":["GET"]}}],"collection":[{"href":"https:\/\/a-p-p.ch\/fr\/wp-json\/wp\/v2\/pages"}],"about":[{"href":"https:\/\/a-p-p.ch\/fr\/wp-json\/wp\/v2\/types\/page"}],"author":[{"embeddable":true,"href":"https:\/\/a-p-p.ch\/fr\/wp-json\/wp\/v2\/users\/2"}],"replies":[{"embeddable":true,"href":"https:\/\/a-p-p.ch\/fr\/wp-json\/wp\/v2\/comments?post=977"}],"version-history":[{"count":0,"href":"https:\/\/a-p-p.ch\/fr\/wp-json\/wp\/v2\/pages\/977\/revisions"}],"up":[{"embeddable":true,"href":"https:\/\/a-p-p.ch\/fr\/wp-json\/wp\/v2\/pages\/489"}],"wp:featuredmedia":[{"embeddable":true,"href":"https:\/\/a-p-p.ch\/fr\/wp-json\/wp\/v2\/media\/440"}],"wp:attachment":[{"href":"https:\/\/a-p-p.ch\/fr\/wp-json\/wp\/v2\/media?parent=977"}],"curies":[{"name":"wp","href":"https:\/\/api.w.org\/{rel}","templated":true}]}}

<p><iframe loading="lazy" style="border: 0;" src="https://www.google.com/maps/embed?pb=!1m18!1m12!1m3!1d2713.680363914349!2d7.245263815614546!3d47.144527879156826!2m3!1f0!2f0!3f0!3m2!1i1024!2i768!4f13.1!3m3!1m2!1s0x478e1eb25c68c121%3A0xe6facac147fbf19a!2sTomatis!5e0!3m2!1sde!2sch!4v1652714002611!5m2!1sde!2sch" width="1080" height="450" allowfullscreen="allowfullscreen"><span data-mce-type="bookmark" style="display: inline-block; width: 0px; overflow: hidden; line-height: 0;" class="mce_SELRES_start">﻿</span><span data-mce-type="bookmark" style="display: inline-block; width: 0px; overflow: hidden; line-height: 0;" class="mce_SELRES_start">﻿</span><span data-mce-type="bookmark" style="display: inline-block; width: 0px; overflow: hidden; line-height: 0;" class="mce_SELRES_start">﻿</span><span data-mce-type="bookmark" style="display: inline-block; width: 0px; overflow: hidden; line-height: 0;" class="mce_SELRES_start">﻿</span></iframe></p>
<hr />
<p><strong>Le Centre de l&#8217;Ecoute</strong><br />
Rue du Stand 33, 2502 Bienne</p>
<p>Tel: +41 (0)32 323 54 57<br />
Mail:  <a href="mailto:gerardo.iula@gmail.com">gerardo.iula@gmail.com</a></p>
<p>Web: <a href="https://www.espace33.ch">https://www.espace33.ch</a></p>
<hr />
<p><em>Le Centre de l&#8217;Ecoute</em> a été fondé en février 1994 par Marie-Jeanne Hubleur, puis repris en 1998 par Patricia Anklin. Céline Clénin a pris la relève en 2019 et dès 2023 c&#8217;est Gerardo Iula qui le dirige.<br />
Bilingue, il fait partie de l’Association suisse d’Audio-psycho-phonologie selon A. Tomatis.</p>
<hr />
<h2>Accès</h2>
<p><em>Le Centre de l’Ecoute </em>se trouve à la Rue du Stand 33 à Bienne. Il y a un arrêt de bus juste devant (No 6, arrêt <em>Miroir </em>, direction<em> Centre hospitalier).</em></p>
<h3>Transport Publics</h3>
<ul>
<li>Bus 8, arrêt <em>Eglise catholique</em>, direction Fuchsenried</em></li>
</ul>
<h3>En Voiture</h3>
<ul>
<li>Zone bleue à la Haute Route en montant vers le Centre hospitalier</li>
<li>Parking payant aux Prés <em>Wildermeth</em> ou au<em>Altstadt-Parking </em></li>
<li>Une place de parc est à disposition derrière l’Atelier.</li>
</ul>

<!-- This site is optimized with the Yoast SEO plugin v27.4 - https://yoast.com/product/yoast-seo-wordpress/ -->
<title>Bienne</title>
<meta name="description" content="Bienne - Association Professionnelle Suisse A.P.P selon A. Tomatis" />
<meta name="robots" content="index, follow, max-snippet:-1, max-image-preview:large, max-video-preview:-1" />
<link rel="canonical" href="https://a-p-p.ch/fr/adresses-des-centres/bienne/" />
<meta property="og:locale" content="fr_FR" />
<meta property="og:type" content="article" />
<meta property="og:title" content="Bienne" />
<meta property="og:description" content="Bienne - Association Professionnelle Suisse A.P.P selon A. Tomatis" />
<meta property="og:url" content="https://a-p-p.ch/fr/adresses-des-centres/bienne/" />
<meta property="og:site_name" content="Association Professionnelle Suisse A.P.P selon A. Tomatis" />
<meta property="article:modified_time" content="2023-12-15T10:38:05+00:00" />
<meta property="og:image" content="https://a-p-p.ch/wp-content/uploads/2022/04/APP-Spirale-mit-Text-Logo.png" />
	<meta property="og:image:width" content="1080" />
	<meta property="og:image:height" content="855" />
	<meta property="og:image:type" content="image/png" />
<meta name="twitter:card" content="summary_large_image" />
<meta name="twitter:label1" content="Durée de lecture estimée" />
	<meta name="twitter:data1" content="1 minute" />
<script type="application/ld+json" class="yoast-schema-graph">{"@context":"https:\/\/schema.org","@graph":[{"@type":"WebPage","@id":"https:\/\/a-p-p.ch\/fr\/adresses-des-centres\/bienne\/","url":"https:\/\/a-p-p.ch\/fr\/adresses-des-centres\/bienne\/","name":"Bienne","isPartOf":{"@id":"https:\/\/a-p-p.ch\/fr\/#website"},"primaryImageOfPage":{"@id":"https:\/\/a-p-p.ch\/fr\/adresses-des-centres\/bienne\/#primaryimage"},"image":{"@id":"https:\/\/a-p-p.ch\/fr\/adresses-des-centres\/bienne\/#primaryimage"},"thumbnailUrl":"https:\/\/a-p-p.ch\/wp-content\/uploads\/2022\/04\/APP-Spirale-mit-Text-Logo.png","datePublished":"2022-05-16T15:20:34+00:00","dateModified":"2023-12-15T10:38:05+00:00","description":"Bienne - Association Professionnelle Suisse A.P.P selon A. Tomatis","breadcrumb":{"@id":"https:\/\/a-p-p.ch\/fr\/adresses-des-centres\/bienne\/#breadcrumb"},"inLanguage":"fr-FR","potentialAction":[{"@type":"ReadAction","target":["https:\/\/a-p-p.ch\/fr\/adresses-des-centres\/bienne\/"]}]},{"@type":"ImageObject","inLanguage":"fr-FR","@id":"https:\/\/a-p-p.ch\/fr\/adresses-des-centres\/bienne\/#primaryimage","url":"https:\/\/a-p-p.ch\/wp-content\/uploads\/2022\/04\/APP-Spirale-mit-Text-Logo.png","contentUrl":"https:\/\/a-p-p.ch\/wp-content\/uploads\/2022\/04\/APP-Spirale-mit-Text-Logo.png","width":1080,"height":855},{"@type":"BreadcrumbList","@id":"https:\/\/a-p-p.ch\/fr\/adresses-des-centres\/bienne\/#breadcrumb","itemListElement":[{"@type":"ListItem","position":1,"name":"Startseite","item":"https:\/\/a-p-p.ch\/fr\/home\/"},{"@type":"ListItem","position":2,"name":"Adresses des centres","item":"https:\/\/a-p-p.ch\/fr\/adresses-des-centres\/"},{"@type":"ListItem","position":3,"name":"Bienne"}]},{"@type":"WebSite","@id":"https:\/\/a-p-p.ch\/fr\/#website","url":"https:\/\/a-p-p.ch\/fr\/","name":"Schweizerischer Berufsverband für A.P.P. nach A. Tomatis","description":"","publisher":{"@id":"https:\/\/a-p-p.ch\/fr\/#organization"},"potentialAction":[{"@type":"SearchAction","target":{"@type":"EntryPoint","urlTemplate":"https:\/\/a-p-p.ch\/fr\/?s={search_term_string}"},"query-input":{"@type":"PropertyValueSpecification","valueRequired":true,"valueName":"search_term_string"}}],"inLanguage":"fr-FR"},{"@type":"Organization","@id":"https:\/\/a-p-p.ch\/fr\/#organization","name":"Schweizerischer Berufsverband für A.P.P. nach A. Tomatis","alternateName":"APP","url":"https:\/\/a-p-p.ch\/fr\/","logo":{"@type":"ImageObject","inLanguage":"fr-FR","@id":"https:\/\/a-p-p.ch\/fr\/#\/schema\/logo\/image\/","url":"https:\/\/a-p-p.ch\/wp-content\/uploads\/2022\/04\/cropped-APP-Spirale-Logo.png","contentUrl":"https:\/\/a-p-p.ch\/wp-content\/uploads\/2022\/04\/cropped-APP-Spirale-Logo.png","width":512,"height":512,"caption":"Schweizerischer Berufsverband für A.P.P. nach A. Tomatis"},"image":{"@id":"https:\/\/a-p-p.ch\/fr\/#\/schema\/logo\/image\/"}}]}</script>
<!-- / Yoast SEO plugin. -->

Schweizerischer Berufsverband für A.P.P. nach A. Tomatis
